r?
True
Is 46258942 a composite number?
True
Is 1501183 a composite number?
True
Is 26884693 a prime number?
False
Is 4236241 a composite number?
True
Is 371885 composite?
True
Is 2322017 prime?
False
Is 118521457 a composite number?
False
Is 4048571 prime?
False
Is 645501761 a prime number?
False
Is 18280229 prime?
False
Is 158976865 composite?
True
Is 14629423 a prime number?
False
Is 156329 composite?
False
Is 343116551 a prime number?
True
Is 2467979 prime?
True
Is 17963563 prime?
True
Is 24802931 prime?
False
Is 5557537 a prime number?
True
Is 19905467 a prime number?
False
Is 293896157 composite?
False
Is 5802631 prime?
False
Is 2451203 a prime number?
True
Is 3597619 a prime number?
False
Is 5617847 composite?
True
Is 27096683 a prime number?
True
Is 6534659 a prime number?
False
Is 9555983 prime?
True
Is 789557 a composite number?
False
Is 564499679 composite?
True
Is 8040569 a composite number?
True
Is 42975457 prime?
False
Is 2121643 prime?
False
Is 7310959 prime?
True
Is 171888341 a composite number?
False
Is 48496693 a prime number?
False
Is 56295637 prime?
False
Is 1377971 composite?
True
Is 12489553 a prime number?
False
Is 6401117 prime?
True
Is 1750409 prime?
True
Is 232633217 composite?
True
Is 166979341 composite?
False
Is 14583785 a prime number?
False
Is 127486943 a prime number?
True
Is 83182373 composite?
False
Is 2374511 a prime number?
True
Is 23125393 prime?
True
Is 31738703 a prime number?
True
Is 9367853 a prime number?
False
Is 75329 prime?
True
Is 1750649 a composite number?
True
Is 265861 composite?
False
Is 6779705 a prime number?
False
Is 32268611 prime?
True
Is 278171767 a prime number?
True
Is 201836311 a composite number?
False
Is 10426173 composite?
True
Is 2206739 a prime number?
False
Is 212507873 composite?
False
Is 28202635 a prime number?
False
Is 15501907 a prime number?
True
Is 1580959 prime?
True
Is 1244083 composite?
False
Is 4345403 a prime number?
True
Is 133934243 a composite number?
False
Is 61180003 composite?
False
Is 113833067 a prime number?
False
Is 7678585 prime?
False
Is 11022502 a composite number?
True
Is 1052027 prime?
True
Is 117177301 composite?
False
Is 868361437 a prime number?
False
Is 747439211 a prime number?
False
Is 8723267 prime?
False
Is 397683173 composite?
False
Is 117017 a prime number?
True
Is 3140959 a prime number?
True
Is 71953501 a prime number?
False
Is 1941299 a prime number?
False
Is 204673859 a prime number?
False
Is 469627943 composite?
True
Is 1336955 composite?
True
Is 51020777 a prime number?
True
Is 626489 a composite number?
False
Is 677665 a composite number?
True
Is 303710507 composite?
True
Is 157434577 prime?
True
Is 159779 prime?
True
Is 65258549 prime?
True
Is 260964251 a prime number?
True
Is 7371257 a prime number?
True
Is 256764761 composite?
True
Is 87716173 a composite number?
True
Is 5758037 composite?
True
Is 52141693 a prime number?
True
Is 573915327 prime?
False
Is 9427421 a prime number?
True
Is 4740829 composite?
True
Is 284917 a prime number?
True
Is 19890281 a composite number?
False
Is 417264437 a composite number?
False
Is 16625135 prime?
False
Is 4463639 prime?
False
Is 35543159 prime?
False
Is 19424597 composite?
False
Is 5195849 prime?
True
Is 12085397 prime?
True
Is 6959787 a prime number?
False
Is 337373 a composite number?
True
Is 3137201 a composite number?
False
Is 5336117 prime?
True
Is 388841597 composite?
False
Is 23112241 a composite number?
True
Is 36229627 a prime number?
False
Is 42071311 a composite number?
True
Is 22732342 composite?
True
Is 1765937 prime?
False
Is 36558913 prime?
True
Is 176880157 prime?
True
Is 135146491 a composite number?
True
Is 131349613 prime?
False
Is 20135501 prime?
True
Is 69064661 prime?
False
Is 61842697 composite?
True
Is 3991843 a composite number?
True
Is 808439 prime?
True
Is 20253251 a composite number?
True
Is 629137 a prime number?
True
Is 38478071 a prime number?
False
Is 8327227 composite?
False
Is 635926073 a prime number?
False
Is 194991689 a composite number?
True
Is 22803449 prime?
True
Is 35899462 a composite number?
True
Is 79135937 a composite number?
True
Is 12075223 composite?
True
Is 2008757 a prime number?
False
Is 7459631 composite?
True
Is 41302769 a prime number?
True
Is 153188311 a composite number?
True
Is 1395833 a prime number?
False
Is 2441987 a prime number?
True
Is 17463713 a prime number?
False
Is 2446309 composite?
True
Is 892813 prime?
False
Is 3324593 a composite number?
False
Is 5572253 composite?
False
Is 55954321 a prime number?
True
Is 328926769 prime?
True
Is 14399921 a composite number?
True
Is 178190731 a prime number?
True
Is 60186289 composite?
True
Is 2807657 a prime number?
True
Is 752351 composite?
False
Is 118667453 a composite number?
False
Is 884786219 a prime number?
True
Is 142842113 a prime number?
True
Is 4256617 a prime number?
True
Is 156760297 a composite number?
False
Is 57380419 a prime number?
False
Is 925859633 prime?
True
Is 202357 a composite number?
False
Is 326366627 a composite number?
False
Is 110848841 prime?
True
Is 13653599 a prime number?
False
Is 228679 a composite number?
True
Is 863053 a composite number?
True
Is 7792927 prime?
False
Is 303740963 composite?
False
Is 1170821 a prime number?
True
Is 10000619 a prime number?
False
Is 27322567 composite?
False
Is 28143727 composite?
True
Is 36638759 prime?
True
Is 8691261 a prime number?
False
Is 838411085 prime?
False
Is 1684873 a composite number?
False
Is 349118509 a prime number?
False
Is 24604399 composite?
True
Is 118401551 a prime number?
True
Is 14143627 a prime number?
True
Is 1559219 composite?
True
Is 10446383 a composite number?
True
Is 275868833 prime?
True
Is 59960949 a prime number?
False
Is 21681301 prime?
True
Is 25261267 composite?
False
Is 1220071 prime?
True
Is 705738505 prime?
False
Is 127768717 prime?
True
Is 20204197 prime?
False
Is 12789713 prime?
False
Is 95593879 prime?
True
Is 67482799 composite?
False
Is 2178191 composite?
False
Is 187954126 prime?
False
Is 37196753 prime?
False
Is 3482519 composite?
False
Is 28406621 prime?
False
Is 106501387 composite?
False
Is 154061143 a composite number?
False
Is 345664639 a prime number?
True
Is 577154 composite?
True
Is 176179 a composite number?
False
Is 1590387 composite?
True
Is 1890089 a composite number?
False
Is 3188539 prime?
False
Is 11731799 a composite number?
True
Is 25616323 a composite number?
True
Is 107938871 a prime number?
False
Is 19826231 prime?
True
Is 16360303 composite?
True
Is 1116035 a prime number?
False
Is 252709129 a prime number?
True
Is 2097743 composite?
False
Is 135575983 composite?
False
Is 62760547 a composite number?
True
Is 629661 composite?
True
Is 77141607 a composite number?
True
Is 8897671 a composite number?
False
Is 25841227 prime?
True
Is 148418113 prime?
True
Is 6456113 prime?
True
Is 17410663 a composite number?
True
Is 1316099 a composite number?
False
Is 221166461 a prime number?
True
Is 8429219 composite?
True
Is 369939919 prime?
True
Is 1340221 prime?
True
Is 452077 a prime number?
True
Is 141659549 a composite number?
False
Is 15715655 composite?
True
Is 7274471 a composite number?
True
Is 2156339 a prime number?
True
Is 619051 composite?
True
Is 2052851 a prime number?
False
Is 1312783 a composite number?
True
Is 15869 composite?
True
Is 1060869701 composite?
False
Is 27333313 composite?
True
Is 3284123 composite?
True
Is 4515997 prime?
True
Is 335411 composite?
False
Is 629825873 a prime number?
True
Is 13683707 composite?
True
Is 20819987 a composite number?
False
Is 45927043 prime?
False
Is 1223723 prime?
True
Is 2812767 a composite number?
True
Is 524919151 prime?
False
Is 505542283 a composite number?
False
Is 1684383 a composite number?
True
Is 5968811 prime?
True
Is 10816771 a composite number?
True
Is 102066731 prime?
False
Is 24823483 prime?
False
Is 88073351 a prime number?
True
Is 90913657 prime?
True
Is 343481 a composite number?
False
Is 6678607 a prime number?
False
Is 4389809 a prime number?
True
Is 84301286 composite?
True
Is 12376703 composite?
True
Is 5257933 prime?
True
Is 571351 composite?
True
Is 18311429 a prime number?
True
Is 150739 a composite number?
True
Is 24969613 a composite number?
True
Is 7961249 a prime number?
False
Is